780. What is the remainder when f is divided by 27 - (-2)/((-6)/(-21)*7)?
27
Let j be ((2 - 2)/1)/2. Suppose f - 2*f + 2 = j. Calculate the remainder when 5 is divided by f.
1
Let r(f) = -14 + 2*f + 0 + 1. What is the remainder when 63 is divided by r(13)?
11
Let i(t) = -t**2 - 5*t - 5. Let d be i(-4). Let r = 12 + d. What is the remainder when r is divided by 4?
3
Suppose -1 = 11*i + 32. Calculate the remainder when 87 is divided by 656/22 - 4/66*i.
27
Let w(k) = -2*k**3 + 13*k**2 + 8*k - 2. What is the remainder when 17 is divided by w(7)?
2
Let q = -316 + 442. What is the remainder when q is divided by 44?
38
Suppose d + 0*d = 22. Let b(c) = c**3 + 6*c**2 + 5*c + 6. Suppose 4*l + 15 = -q, -4*l = -5*l + 3*q - 20. What is the remainder when d is divided by b(l)?
4
Let c = -389 - -408. What is the remainder when 795 is divided by c?
16
Suppose u - 28 = 3*y, 0 = -3*u + 2*u - 2*y + 13. What is the remainder when (-30)/(-75) - (-696)/10 is divided by u?
13
Suppose -38 = -4*m + 2*i, -m + 2*i + 11 = 3*i. Let p(a) = -a + 21. Let w be p(9). Let z = w + m. What is the remainder when 63 is divided by z?
19
Suppose -5*j - o - 24 = -179, 155 = 5*j - 3*o. Calculate the remainder when 56 is divided by j.
25
Suppose 6*m + 33 = 11*m + 3*j, 4*m - 3*j - 21 = 0. Suppose m*v - 235 + 97 = 0. What is the remainder when 136 is divided by v?
21
What is the remainder when 438 is divided by (-27312)/(-432) - 2/9?
60
Let l(x) = -3*x**3 - x**2 + 3*x + 9. Suppose 0*u + 2*u - 3*f + 7 = 0, 5*u - 3*f = -13. Calculate the remainder when 65 is divided by l(u).
19
Let l(j) = -3*j + 1. Let h be l(-8). Let k = 31 - h. Calculate the remainder when 9 is divided by k.
3
Suppose 8 = 10*u - 72. What is the remainder when 28 is divided by u?
4
Suppose 17*d + 3526 = 58*d. Calculate the remainder when 418 is divided by d.
74
Let x(w) = 89*w + 10. Let o be x(1). Let t = -83 + o. What is the remainder when 63 is divided by t?
15
Let p(h) = -5*h + 80. What is the remainder when p(-16) is divided by 42?
34
Suppose -w - 2*w = -15. Let z = 19 - w. Suppose 4*v = 16 - 0. What is the remainder when z is divided by v?
2
Let h(v) = -v**2 + 24*v + 44. Let w be h(24). Let t = 51 - w. What is the remainder when 25 is divided by t?
4
Let y be 1*(-5)/((-20)/76). Suppose -b = -0*z - z + y, b = -5*z + 77. What is the remainder when 46 is divided by z?
14
Let w(i) = -i**2 + 20*i + 14. Calculate the remainder when w(18) is divided by 27.
23
Suppose 4*u = r - 5, -r - 5*u = 4 - 0. Suppose j + r = 24. Calculate the remainder when 41 is divided by j.
18
Let f = 10 - 8. Suppose b + 90 = f*b. What is the remainder when (4/(-6))/((-4)/b) is divided by 6?
3
Suppose -5*f + 8 = -f + 4*w, 2*f = -4*w + 4. Let z be ((-13)/(-3))/(f/30). Let r = z + -32. Calculate the remainder when r is divided by 18.
15
Suppose 243*j - 28 = 242*j. What is the remainder when 250 is divided by j?
26
Suppose 14*c + 249 = 977. Calculate the remainder when c is divided by 6.
4
Let r = 16 + -14. Suppose 5*g = -3*v + 75, -r*g - 141 = -5*v - 5*g. Calculate the remainder when 147 is divided by v.
27
Let d = 16 - 9. Calculate the remainder when 26/6*-4*(-15)/20 is divided by d.
6
What is the remainder when (-2)/2*(12 + -73) is divided by 15?
1
Suppose 0 = -4*u + 7*u - 6. Let f be u/11 + (-39)/33. Calculate the remainder when 54 is divided by 16 - (9/3)/f.
16
Suppose 109 = 21*r - 80. What is the remainder when 340 is divided by r?
7
Let r = 21 + 4. What is the remainder when 43 is divided by r?
18
Suppose 13*y - 299 = 806. Calculate the remainder when y is divided by 45.
40
Suppose -22*a - 64 + 416 = 0. What is the remainder when 73 is divided by a?
9
Suppose 26 = -4*u - 26. Let a = 26 + u. Let b(f) = 50*f**2 + f. What is the remainder when b(-1) is divided by a?
10
Suppose -h - h = -r - 14, 4*h - 24 = r. Let m = 18 + -13. Let s = 8 - m. What is the remainder when h is divided by s?
2
Let u be (-2)/7 - 14671/(-119). Suppose -17 = -f - 5*o, 3*f + 0*f = 3*o + u. Calculate the remainder when 73 is divided by f.
36
Suppose -11*c - 37 = -12*c - 2*x, 0 = 2*x + 2. Let w(f) = f**3 - f**2 - 1. Let z be w(2). Suppose 7*i - z*i = 44. What is the remainder when c is divided by i?
6
Let w be (-4)/(32/(-162)) - (-7)/(-28). Suppose 2*n - 16 - w = 0. What is the remainder when 30 is divided by n?
12
Let a = -275 + 287. What is the remainder when 82 is divided by a?
10
Let i be 3 - (-1)/(3/117). What is the remainder when 87 is divided by (189/i)/(1/2)?
6
Let s(z) = 10*z**2 - 3*z. Suppose 2*d + 3*m = 13, -m + 4*m = 5*d - 1. What is the remainder when s(d) is divided by 19?
15
Suppose 663 + 107 = 7*q. Calculate the remainder when q is divided by 17.
8
Suppose 3*i - 4 = 29. Suppose 4*s + 2*s - 216 = 0. Suppose -3*n + 32 = -n + 4*x, -s = -2*n - 2*x. What is the remainder when n is divided by i?
9
What is the remainder when 343 is divided by 8/18 + (-816)/(-108)?
7
Suppose -2*y = 13 - 25. Let g = 32 - y. What is the remainder when g is divided by 9?
8
What is the remainder when -2*(1407/(-84) - (-2)/(-8)) is divided by 18?
16
Suppose -7*v + 18 = -171. What is the remainder when v is divided by 8?
3
Let u(t) = t**2 + 4*t + 2. Let o be u(-5). Let i be -1 + 2 + -1 + o. Let y = 20 + i. Calculate the remainder when y is divided by 7.
6
Suppose 3*t = 2*i - 6*i + 351, 0 = -i - 3*t + 81. Calculate the remainder when i is divided by 7.
6
Suppose -2*j = -j + 4*d - 102, -6 = -3*d. Suppose -197 = -3*c + j. Suppose 33 = z + l - 2*l, 5*z - 2*l = 165. Calculate the remainder when c is divided by z.
31
Suppose -2*o - 32 = -3*w + 2, 3*w + 2*o = 50. Calculate the remainder when 83 is divided by w.
13
Let y(h) = -31*h**3 - 16*h**2 - 47*h + 4. Calculate the remainder when y(-3) is divided by 15.
13
Let q(t) be the first derivative of t**4/4 + 8*t**3/3 + 5*t**2/2 - 10*t + 1. Calculate the remainder when 18 is divided by q(-7).
2
Suppose -k = -5*i + 132, 147 = 5*i - 0*i + 4*k. Calculate the remainder when i is divided by 10.
7
Let i(n) = -n**2 - 1. Let k(z) = -7*z - 5*z**2 - 8 + 0 - 3 + 3. Let r(h) = 6*i(h) - k(h). What is the remainder when 2 is divided by r(7)?
0
Let q(b) = -b**2 + 8*b - 17. Let g be q(7). Let k(z) = z**3 + 12*z**2 + 19*z - 6. What is the remainder when 19 is divided by k(g)?
3
Let k = -100 - -479. Calculate the remainder when k is divided by 64.
59
What is the remainder when 1/(-6) + (-1826)/(-12) is divided by 14?
12
Let r(d) = 9*d - 4. What is the remainder when 584*-10*(-11)/440 is divided by r(6)?
46
Calculate the remainder when 0/(2 + 2) - (-121 + 2) is divided by 12.
11
Let g(n) = -n**2 + 18*n - 39. What is the remainder when g(10) is divided by 22?
19
Let x(h) = -27*h - 1062. What is the remainder when 171 is divided by x(-41)?
36
Let r be 8/(-1 + 0/3). Let n(j) = j**3 + 9*j**2 + 6*j - 3. Calculate the remainder when 51 is divided by n(r).
12
Let u = 7 - -4. Let f = u + 31. What is the remainder when f is divided by ((4/4)/(-3))/(2/(-66))?
9
Let n(k) = -k**3 - 8*k**2 + 2*k + 9. Let a be n(-8). Let o = a + 13. Suppose -o = l - 10. What is the remainder when l is divided by 2?
0
Suppose -4*i + i + 426 = 0. What is the remainder when i is divided by 42/2*168/98?
34
Suppose 0 = 2*x + 2*x + 72. Let o = 20 + x. Suppose o*k = -k + 33. Calculate the remainder when 32 is divided by k.
10
Let w = 57 + -55. Suppose w*x - 71 = -47. Calculate the remainder when x is divided by 3.
0
Let k be (-37)/2*-2 - 1. Let u = -1034 + 1196. Suppose -u - k = -6*i. What is the remainder when i is divided by 18?
15
Let q(p) = p**2 + 5*p + 122. What is the remainder when q(0) is divided by 41?
40
Let y = 12 - 10. Let i be (-1)/(y - 460/228). Let z = i - 27. What is the remainder when 87 is divided by z?
27
Suppose 114 = 2*j - 2*c, 26*j + 179 = 29*j + c. Calculate the remainder when j is divided by 15.
14
Let i(x) = 5*x**2 - 8*x - 7. Calculate the remainder when 206 is divided by i(3).
10
Suppose 16*q - 18*q - 276 = 0. Calculate the remainder when 130 is divided by (-2)/(-4) + q/48*-4.
10
Suppose 0 = -4*j - 2*j + 12. Suppose -r - v - 4 = 4*v, -3*v = r - j. Calculate the remainder when 14 is divided by r.
3
Suppose 4*u - 307 = -19*k + 16*k, -5*u = 10. What is the remainder when k is divided by 32?
9
Calculate the remainder when 3426/18 + 10/6 + -1 is divided by 68.
55
Let i = -50 + 83. Su